
20750
In base 8, what is 741 + 265332?
266273
In base 14, what is -29 + -51982c1?
-519830a
In base 7, what is 2320446 + -25?
2320421
In base 5, what is -2240410114034 + 0?
-2240410114034
In base 15, what is e5 - 1409e8?
-140903
In base 11, what is 111468 - 779?
11079a
In base 4, what is 10312022200 + -12022?
10312010112
In base 16, what is -3934 - -149b?
-2499
In base 6, what is 23340 + 102511?
130251
In base 9, what is 883362 - -387?
883760
In base 14, what is -3179 - -16246?
130ab
In base 16, what is 444 + 9317?
975b
In base 15, what is -3 + 11c38b?
11c388
In base 2, what is -1011010001 + 101100101000111000?
101100011101100111
In base 2, what is -111000011111100000000 - -100?
-111000011111011111100
In base 13, what is -71b94030 + 0?
-71b94030
In base 4, what is 10103302300 - 11?
10103302223
In base 12, what is 92 + -470466?
-470394
In base 9, what is 142867473 - 16?
142867456
In base 5, what is -343 - -4032241210?
4032240312
In base 6, what is -3132 + 1252331?
1245155
In base 7, what is -363 + -542266?
-542662
In base 16, what is -55ffd24 - -a?
-55ffd1a
In base 5, what is 2 + -14012013?
-14012011
In base 13, what is 3201 - -1b9?
33ba
In base 16, what is -17bb7d + 3?
-17bb7a
In base 6, what is -2023234 + -11410?
-2035044
In base 9, what is 36864 + 4440?
42414
In base 6, what is -4 + 4120230?
4120222
In base 15, what is -1485051 + -9?
-148505a
In base 16, what is 117cfb9 - 4?
117cfb5
In base 10, what is -489 + -101139?
-101628
In base 16, what is -11 + -4127135?
-4127146
In base 7, what is 5 + 11310501?
11310506
In base 8, what is -427564052 - 13?
-427564065
In base 12, what is -2ab3 + 863?
-2250
In base 11, what is -523403 + 8?
-5233a6
In base 8, what is 4 - 30640211?
-30640205
In base 2, what is 10110010000111000110100100110 + -1?
10110010000111000110100100101
In base 2, what is 11011000001100 + 1011101111100?
100110110001000
In base 11, what is -327619 + -13?
-327631
In base 13, what is -7 - c930a4?
-c930ab
In base 15, what is 9 - -52e1109?
52e1113
In base 9, what is -7315314 + -13?
-7315327
In base 5, what is -1443000114 - 0?
-1443000114
In base 7, what is 154131 + 111?
154242
In base 10, what is 77 + -37850?
-37773
In base 4, what is 2020 - -313313?
321333
In base 14, what is 3114062 - 0?
3114062
In base 9, what is 4 - 825828?
-825824
In base 3, what is 220 - -221102210121000?
221102210121220
In base 3, what is -1 + -2122222222100012?
-2122222222100020
In base 11, what is -a4456a6 - 1?
-a4456a7
In base 2, what is 0 + -11011100111001100010010?
-11011100111001100010010
In base 2, what is -111001101011101011110 - -110110?
-111001101011100101000
In base 15, what is -cc4 - 7a7b?
-8850
In base 15, what is -a3b59 - -c1?
-a3a88
In base 7, what is -4 - 2500210465?
-2500210502
In base 9, what is 4 + -60176056?
-60176052
In base 10, what is 3 - -310299142?
310299145
In base 7, what is 1124130 + -156?
1123641
In base 7, what is 12 - -12531054?
12531066
In base 15, what is e3 - 4bad0e?
-4bac1b
In base 10, what is 96 - -125723?
125819
In base 8, what is 7 + 75162?
75171
In base 10, what is 4 - 463334?
-463330
In base 8, what is -3 + 472343720?
472343715
In base 14, what is -2c8b081 + -15?
-2c8b096
In base 3, what is 12211 + -10100002200?
-10022212212
In base 11, what is 28251 + 672?
28913
In base 4, what is -31133331 + -103300?
-31303231
In base 3, what is -112011 - 11010220121?
-11011102202
In base 2, what is -10000000100110 - -10101111011?
-1101010101011
In base 7, what is 146514 - -23522?
203336
In base 14, what is -2491 + -619?
-2aaa
In base 14, what is -2 - -5109a5?
5109a3
In base 16, what is -11041432 + 1?
-11041431
In base 5, what is -114040341 - -1?
-114040340
In base 8, what is 2 + -1064717?
-1064715
In base 2, what is -10011110100011000001 - 101110001?
-10011110101000110010
In base 8, what is 50365 + -211?
50154
In base 14, what is -1887c1 + -4?
-1887c5
In base 5, what is -3001331 + 21013?
-2430313
In base 6, what is 1114512 - 244?
1114224
In base 2, what is 11010001000000111000001100 - -101000?
11010001000000111000110100
In base 11, what is 4 - 90315649?
-90315645
In base 9, what is -45582053 + -1?
-45582054
In base 11, what is -960 + 26a236?
269386
In base 16, what is 30fa1 - de?
30ec3
In base 14, what is -4a6 + baa6?
b600
In base 3, what is -1 - 1010201002112?
-1010201002120
In base 15, what is -43 + -10995e?
-1099a2
In base 6, what is -153 - -2120123?
2115530
In base 11, what is 6799 - -101a7?
16995
In base 3, what is 200 - 101000111000001?
-101000110222101
In base 14, what is dab4b8 + 22?
dab4da
In base 15, what is 7ede7b - 1?
7ede7a
In base 3, what is 101101101112100112 - -2?
101101101112100121
In base 6, what is 51 + -3252500?
-3252405
In base 8, what is 12120545 - -6?
12120553
In base 15, what is 4e84bd - 3?
4e84ba
In base 5, what is 222032234 + 123?
222032412
In base 8, what is 2 + 355363003?
355363005
In base 5, what is -2331 + 1412133?
1404302
In base 15, what is 1e50a49 - 8?
1e50a41
In base 11, what is 26674 - 621?
26053
In base 16, what is 44 - -1b12d?
1b171
In base 6, what is -1412314 - -2335?
-1405535
In base 8, what is -21351 + 7112?
-12237
In base 3, what is 110221102 + 100020?
111021122
In base 15, what is -2 - 7661b3d?
-7661b40
In base 12, what is -9 + 74aa05?
74a9b8
In base 9, what is -33664 + -71?
-33745
In base 15, what is 365 - -5a77?
5ddc
In base 14, what is -ad3a4 + -6b?
-ad431
In base 9, what is -14 - -750318?
750304
In base 7, what is -314 - 630461?
-631105
In base 8, what is -517 - -760033?
757314
In base 6, what is 240140024 + 2?
240140030
In base 9, what is -120347 + -506?
-120854
In base 8, what is -350052425 + -5?
-350052432
In base 10, what is -10 + -178611?
-178621
In base 16, what is a48 + 21c?
c64
In base 8, what is 4 - -7516444?
7516450
In base 11, what is -666998 + 31?
-666967
In base 3, what is -1100100 + -2011201222?
-2020002022
In base 3, what is -22011 - 11201022010?
-11201121021
In base 4, what is -20000133113 + -1000?
-20000200113
In base 5, what is 10 + -10441012024?
-10441012014
In base 11, what is 279a9245 - 4?
279a9241
In base 4, what is 103312213 - 20?
103312133
In base 11, what is 1 + 774321?
774322
In base 8, what is 1125077660 - 2?
1125077656
In base 3, what is -1101101 - -12022012?
10220211
In base 13, what is 1079ca - 33?
107997
In base 15, what is -11cc9 - aba?
-12894
In base 9, what is -60480 - -4850?
-54530
In base 13, what is -474118 - 2?
-47411a
In base 3, what is -101221 - 121001210222?
-121002012220
In base 7, what is -4 - -241053?
241046
In base 4, what is 1020303011 - 1031?
1020301320
In base 13, what is 792 + -8ba?
-128
In base 3, what is 1120000002102002 - 10?
1120000002101222
In base 13, what is 2936b3 + -5?
2936ab
In base 15, what is -5089b - -1d?
-5087d
In base 10, what is 12 - 11377107?
-11377095
In base 4, what is 131212130132202 + -2?
131212130132200
In base 5, what is 1301 + 11224232?
11231033
In base 11, what is -13838379 + 0?
-13838379
In base 15, what is -3 - -28da421?
28da41d
In base 2, what is 11010 + -1001111000100001110?
-1001111000011110100
In base 13, what is 5 + -484bb1b?
-484bb16
In base 3, what is 1220212012 + -1020022?
1212121220
In base 8, what is -5157 - 3640?
-11017
In base 3, what is 2101102212202 - 111?
2101102212021
In base 3, what is -200202102101 + -202?
-200202110010
In base 14, what is -cb - -12dca?
12cdd
In base 13, what is -1c - 74564?
-74583
In base 6, what is 252334340 + -20?
252334320
In base 3, what is -211002012110220 + 0?
-211002012110220
In base 8, what is 16 - 47070355?
-47070337
In base 3, what is -2112110111100 - -11?
-2112110111012
In base 4, what is 1001233 - 11323300?
-10322001
In base 16, what is -12aff64 + -2?
-12aff66
In base 12, what is 0 + -b5abba6?
-b5abba6
In base 9, what is 63 + 834187?
834261
In base 14, what is -921 + 1b22?
1201
In base 7, what is -14111106 - 1?
-14111110
In base 6, what is 12 + -11211434?
-11211422
In base 2, what is 10011010 - 111000101110011000100?
-111000101110000101010
In base 2, what is 1101101 + -10010010111001011?
-10010010101011110
In base 8, what is -132310 - 1067?
-133377
In base 4, what is -11332110 - 1320133?
-13312303
In base 11, what is 38178a36 - -5?
38178a40
In base 10, what is -3 + 2107719?
2107716
In base 7, what is -355501456 - 4?
-355501463
In base 14, what is 6d - acd6?
-ac67
In b